r when 11036 is divided by 1226?
2
What is the remainder when 4460 is divided by 47?
42
Calculate the remainder when 2232 is divided by 371.
6
Calculate the remainder when 335 is divided by 11.
5
What is the remainder when 308 is divided by 100?
8
What is the remainder when 8173 is divided by 56?
53
Calculate the remainder when 2494 is divided by 11.
8
Calculate the remainder when 37 is divided by 4.
1
Calculate the remainder when 2832 is divided by 135.
132
What is the remainder when 9981 is divided by 52?
49
Calculate the remainder when 50 is divided by 30.
20
Calculate the remainder when 640 is divided by 109.
95
What is the remainder when 4923 is divided by 176?
171
Calculate the remainder when 427 is divided by 25.
2
What is the remainder when 12127 is divided by 32?
31
Calculate the remainder when 1227 is divided by 347.
186
Calculate the remainder when 47 is divided by 2.
1
Calculate the remainder when 299 is divided by 19.
14
What is the remainder when 92 is divided by 13?
1
Calculate the remainder when 289 is divided by 59.
53
Calculate the remainder when 8788 is divided by 28.
24
Calculate the remainder when 16559 is divided by 9.
8
Calculate the remainder when 169 is divided by 159.
10
What is the remainder when 486 is divided by 153?
27
Calculate the remainder when 276 is divided by 40.
36
What is the remainder when 224 is divided by 97?
30
Calculate the remainder when 738 is divided by 19.
16
What is the remainder when 3758 is divided by 80?
78
Calculate the remainder when 168 is divided by 13.
12
Calculate the remainder when 66 is divided by 61.
5
What is the remainder when 293 is divided by 148?
145
What is the remainder when 454 is divided by 65?
64
Calculate the remainder when 984 is divided by 34.
32
What is the remainder when 225 is divided by 111?
3
What is the remainder when 523 is divided by 7?
5
What is the remainder when 128 is divided by 33?
29
What is the remainder when 139 is divided by 70?
69
What is the remainder when 2574 is divided by 56?
54
Calculate the remainder when 12 is divided by 8.
4
What is the remainder when 1497 is divided by 50?
47
What is the remainder when 160 is divided by 6?
4
Calculate the remainder when 141 is divided by 53.
35
What is the remainder when 3035 is divided by 66?
65
What is the remainder when 323 is divided by 84?
71
Calculate the remainder when 621 is divided by 8.
5
What is the remainder when 4767 is divided by 952?
7
Calculate the remainder when 434 is divided by 44.
38
Calculate the remainder when 2776 is divided by 690.
16
What is the remainder when 121175 is divided by 297?
296
Calculate the remainder when 1122 is divided by 1114.
8
What is the remainder when 591 is divided by 112?
31
Calculate the remainder when 92 is divided by 19.
16
What is the remainder when 142 is divided by 37?
31
Calculate the remainder when 887 is divided by 10.
7
Calculate the remainder when 7053 is divided by 112.
109
Calculate the remainder when 493 is divided by 469.
24
Calculate the remainder when 39604 is divided by 322.
320
What is the remainder when 1571 is divided by 259?
17
Calculate the remainder when 385 is divided by 28.
21
What is the remainder when 157 is divided by 79?
78
Calculate the remainder when 315 is divided by 20.
15
What is the remainder when 836 is divided by 24?
20
Calculate the remainder when 1072 is divided by 1065.
7
Calculate the remainder when 122 is divided by 36.
14
What is the remainder when 116 is divided by 10?
6
Calculate the remainder when 1066 is divided by 117.
13
What is the remainder when 286 is divided by 16?
14
What is the remainder when 217 is divided by 87?
43
Calculate the remainder when 1664 is divided by 34.
32
Calculate the remainder when 555 is divided by 16.
11
What is the remainder when 689 is divided by 163?
37
What is the remainder when 42 is divided by 12?
6
Calculate the remainder when 89 is divided by 13.
11
What is the remainder when 2099 is divided by 25?
24
Calculate the remainder when 450 is divided by 17.
8
What is the remainder when 2853 is divided by 6?
3
Calculate the remainder when 437 is divided by 17.
12
What is the remainder when 2047 is divided by 8?
7
Calculate the remainder when 372 is divided by 63.
57
What is the remainder when 69 is divided by 58?
11
What is the remainder when 2970 is divided by 990?
0
What is the remainder when 2390 is divided by 8?
6
Calculate the remainder when 214 is divided by 31.
28
What is the remainder when 2722 is divided by 36?
22
Calculate the remainder when 1678 is divided by 7.
5
Calculate the remainder when 1484 is divided by 5.
4
Calculate the remainder when 610 is divided by 86.
8
What is the remainder when 186 is divided by 67?
52
What is the remainder when 5493 is divided by 134?
133
Calculate the remainder when 621 is divided by 206.
3
What is the remainder when 270 is divided by 57?
42
What is the remainder when 489 is divided by 22?
5
Calculate the remainder when 159 is divided by 8.
7
Calculate the remainder when 1128 is divided by 39.
36
What is the remainder when 102 is divided by 33?
3
What is the remainder when 710 is divided by 24?
14
What is the remainder when 859 is divided by 73?
56
What is the remainder when 100 is divided by 26?
22
Calculate the remainder when 265 is divided by 18.
13
What is the remainder when 417 is divided by 130?
27
What is the remainder when 41 is divided by 5?
1
Calculate the remainder when 1385 is divided by 275.
10
What is the remainder when 646 is divided by 79?
14
What is the remainder when 127 is divided by 57?
13
Calculate the remainder when 78 is divided by 12.
6
What is the remainder when 59 is divided by 16?
11
Calculate the remainder when 2699 is divided by 20.
19
What is the remainder when 478 is divided by 17?
2
Calculate the remainder when 5577 is divided by 93.
90
Calculate the remainder when 35 is divided by 2.
1
What is the remainder when 2331 is divided by 90?
81
Calculate the remainder when 13816 is divided by 141.
139
What is the remainder when 495 is divided by 38?
1
What is the remainder when 1313 is divided by 132?
125
Calculate the remainder when 1043 is divided by 19.
17
Calculate the remainder when 202 is divided by 98.
6
Calculate the remainder when 711 is divided by 90.
81
What is the remainder when 150 is divided by 32?
22
What is the remainder when 225 is divided by 60?
45
What is the remainder when 1569 is divided by 75?
69
Calculate the remainder when 11193 is divided by 9.
6
What is the remainder when 3812 is divided by 28?
4
What is the remainder when 77 is divided by 20?
17
Calculate the remainder when 852 is divided by 37.
1
What is the remainder when 1019 is divided by 1007?
12
What is the remainder when 111010 is divided by 29?
27
What is the remainder when 836 is divided by 150?
86
Calculate the remainder when 430 is divided by 105.
10
Calculate the remainder when 25390 is divided by 28.
22
Calculate the remainder when 5 is divided by 4.
1
Calculate the remainder when 281 is divided by 135.
11
What is the remainder when 233 is divided by 18?
17
Calculate the remainder when 342 is divided by 15.
12
Calculate the remainder when 5423 is divided by 194.
185
Calculate the remainder when 1319 is divided by 24.
23
What is the remainder when 499 is divided by 21?
16
Calculate the remainder when 276 is divided by 20.
16
Calculate the remainder when 285 is divided by 103.
79
What is the remainder when 593 is divided by 119?
117
Calculate the remainder when 332 is divided by 84.
80
What is the remainder when 1268 is divided by 53?
49
What is the remainder when 469 is divided by 158?
153
Calculate the remainder when 195 is divided by 58.
21
Calculate the remainder when 29144 is divided by 25.
19
What is the remainder when 1009 is divided by 337?
335
What is the remainder when 442 is divided by 75?
67
Calculate the remainder when 2469 is divided by 247.
246
What is the remainder when 172 is divided by 40?
12
Calculate the remainder when 940 is divided by 63.
58
What is the remainder when 27618 is divided by 31?
28
What is the remainder when 210 is divided by 36?
30
What is the remainder when 183 is divided by 54?
21
Calculate the remainder when 2287 is divided by 19.
7
What is the remainder when 8479 is divided by 80?
79
Cal